factor of p and 48.
6
Let q(w) = 149*w - 187. Let r be q(5). What is the greatest common factor of 180 and r?
18
Let d be (-6)/(-2)*((-7315)/(-15))/7. What is the greatest common divisor of 475 and d?
19
Suppose 0 = -4*w - 2*j + 4, 4*w - 4 + 2 = -j. Suppose 0 = 4*d - w*d - 8. Let c be 29 + (0 - (1 + d))*-1. What is the highest common divisor of 4 and c?
4
Let t(o) = -o**3 - 6*o**2 + 5*o + 10. Let u be t(-7). Let c be u/(-3)*(-4)/16*277. Let r = c + -319. What is the greatest common factor of 47 and r?
47
Suppose 5*q = -4*w + 22 - 6, 0 = -4*q + w - 4. Let b(v) = -v**3 + 1. Let i be b(q). Let m be 1 + (-3)/(-9)*0. What is the greatest common divisor of i and m?
1
Let b(i) = 8*i**2 - 13*i - 15. Let z be b(6). Suppose -28*a - z = -33*a. What is the greatest common divisor of a and 3?
3
Let m = 90 + -77. Suppose -l = -p - 5*l + 23, -m = 4*p - 5*l. Calculate the highest common divisor of p and 2.
1
Let a(g) = g**2 + 16*g - 165. Let n be a(10). Let d = 41 - 36. What is the greatest common factor of d and n?
5
Suppose 0*b - 216 = -2*b - 3*z, 0 = -4*b - 5*z + 428. Suppose r = -58 + b. Calculate the highest common divisor of 8 and r.
4
Let j be 3*(-20 + (-18581)/(-17)). Calculate the highest common divisor of 1392 and j.
87
Suppose 0 = k - 2*l - 28, 29*l - 68 = -2*k + 30*l. Calculate the greatest common factor of 26658 and k.
18
Let y be (-5)/((-105)/12) - ((-940080)/56)/5. Calculate the highest common divisor of 2774 and y.
146
Let m = -2665 + 2731. Calculate the highest common factor of 7887 and m.
33
Suppose -10*w + 5403 = 583. Calculate the greatest common divisor of 2 and w.
2
Suppose -42 = -16*t + 22. Suppose 0 = -t*s + 549 + 287. Suppose 2*d - 14 = 24. What is the highest common factor of s and d?
19
Suppose -3*x - 2*x + 2*v = -870, 3*v + 513 = 3*x. Suppose -q = -2*g + 2*q + x, g - 4*q = 93. What is the greatest common divisor of g and 153?
17
Let h(d) = -d**3 - 12*d**2 - 10*d - 7. Let m be h(-11). Let o be (-49 - -62) + m/2. Suppose 4*j - 26 + 2 = 0. Calculate the highest common divisor of j and o.
2
Suppose 7*w - 814 - 1496 = 0. Suppose 2*r + 5*o = -w, 2*r + 3*o = 6*r + 712. Let v = r - -283. Calculate the greatest common factor of v and 54.
54
Let g(u) = -30*u + 56. Let t be g(-9). Let m = t - 282. Calculate the highest common factor of 121 and m.
11
Let o be (7 - (7 - -1))*(-1 - -7). Let q be (-4)/o*432/12. Calculate the highest common factor of 72 and q.
24
Let f = 2679 - 1560. Let s = f - 1005. What is the highest common divisor of s and 494?
38
Let n(c) = -13*c + 60. Let x be (144/42 + -4)/((-1)/7). Let t be n(x). Calculate the highest common factor of t and 264.
8
Let m = 97724 + -97708. Let a(s) = -s + 176. Let u be a(0). Calculate the greatest common divisor of m and u.
16
Let w = 34923 + -18798. Calculate the greatest common factor of 500 and w.
125
Let t be (9 - -3)/3 - (-3 + -4 + -69). Suppose -6*w + 5*g + 575 = -w, 460 = 4*w + 4*g. Suppose -45 = -5*f + w. What is the highest common factor of f and t?
16
Suppose 0 = -40*u + 6346 - 15386. Let l = u + 604. What is the highest common divisor of 42 and l?
42
Let i be (6 - -3) + 3 - 0. Let c be 48640/228*6/5. Suppose p + c = 17*p. Calculate the greatest common divisor of i and p.
4
Let k(d) = -365*d - 320. Let h be k(-20). Calculate the highest common factor of h and 40.
20
Let u be ((-2)/5)/((-1)/20). Suppose 6762 = -6*c - c. Let y = c + 974. Calculate the greatest common factor of y and u.
8
Let j be (-706)/(-3)*90/(-60). Let g = -347 - j. Calculate the greatest common factor of 12 and g.
6
Suppose 4*l - 3*k - 39 = 0, -k + 10 = 3*l - 16. Let f be (1 - -49)*6/(-12)*65. Let w be 1/(f/(-405) - 4). What is the highest common divisor of l and w?
9
Let x be (-3)/((-429)/(-9100)*-5 + 1/5). What is the highest common divisor of 4648 and x?
28
Suppose -5*m + 13 + 38 = v, -47 = -5*m - 2*v. Let k = -14945 - -14956. What is the highest common divisor of k and m?
11
Suppose -5*h + 2*b - 6 = 4, 3*h + 6 = -5*b. Let l be 73 - 2/4*h. Suppose 3*k - 10 = l. Calculate the highest common divisor of k and 21.
7
Let j(h) = -h**3 + 28*h**2 + 64*h - 19. Let o be j(-3). Calculate the highest common divisor of 5508 and o.
68
Suppose -335*g + 3*m - 189 = -340*g, -3*m - 171 = -5*g. Calculate the greatest common divisor of g and 81.
9
Let i = -8 + 15. Suppose 5*w + 19*p = 21*p + 118, 3*p = -2*w + 51. Suppose -5*x - w = -i*x. Calculate the highest common factor of 96 and x.
12
Let i be (0 - -142)*19 - (-35)/(-7)*-1. Calculate the greatest common divisor of 204 and i.
51
Let k = 12631 + -12547. Calculate the highest common factor of 1134 and k.
42
Suppose -28*d - 37*d + 14283 = 4*d. What is the greatest common factor of d and 25047?
207
Let p(b) = 44*b - 155. Let a(s) = 7*s - 26. Let m(o) = -39*a(o) + 6*p(o). Let i be m(-12). Calculate the highest common divisor of 64 and i.
64
Let o(v) = -3*v**2 - 87*v - 543. Let u be o(-19). What is the greatest common factor of 38 and u?
1
Let d(i) = 0*i**2 + 4 - 32*i + 3 + 2*i**2 - 70*i + 16*i. Let n be d(43). Calculate the greatest common divisor of n and 7.
7
Let t(f) = -f**2 + 9*f + 4. Suppose 9*y = 7*y + 16. Let g be t(y). Let q be 0 - (-1)/2 - 497/(-14). Calculate the highest common factor of g and q.
12
Let f be (-3)/(775/195 + 1 + -5). Calculate the highest common divisor of f and 459.
9
Let q(s) = -s**3 - 32*s**2 + 33*s + 20. Let x be q(-33). Calculate the greatest common divisor of x and 3070.
10
Suppose -174*w + 269*w - 11030 = 15950. Calculate the greatest common factor of w and 25418.
142
Let s(m) = m - 8. Let y be s(9). Let f be ((-10)/8)/((-8)/32)*y. Suppose 3 - 33 = -f*p. Calculate the highest common factor of p and 30.
6
Let t = 168 + -83. Suppose t*i = 92*i - 21. Calculate the highest common factor of i and 2.
1
Let a = -5112 - -5283. Suppose -5*y + 31 = -14. Calculate the highest common factor of a and y.
9
Let w = -2542 + 2686. What is the highest common divisor of w and 1128?
24
Let r be -2 + (-1 + 2 - 0). Let b be (-19 + r)*42/(-5). Suppose -2270 = 511*f - 13001. What is the highest common divisor of f and b?
21
Let u be 2 - (35/5)/(-1). Suppose u = r - 6. Suppose -5*v + r = -0*v. Calculate the greatest common factor of v and 9.
3
Let l be 5*35 + -371 + 380. What is the highest common divisor of 897 and l?
23
Suppose -971*t = -1938*t + 958*t + 4095. Calculate the highest common divisor of t and 208.
13
Suppose 0 = -3*d + 22 - 76. Let c be 12/(-15)*5*d. Let n = -3396 - -3414. Calculate the greatest common divisor of n and c.
18
Let f be (-463870)/90*-1 + 84/(-27) + 3. Calculate the greatest common factor of 6 and f.
6
Suppose 6048 = 5325*z - 5277*z. Let b be (-2)/(-4) + 71/2. What is the greatest common factor of z and b?
18
Let b(y) = 63*y + 1013. Let q be b(-15). Calculate the greatest common divisor of 96 and q.
4
Suppose -2*s + s = -10. Suppose -26*t + 504 = 16*t. Suppose -5*y + t*g = 15*g - 309, 4*g = 4*y - 228. What is the greatest common divisor of y and s?
10
Let c(v) = 11*v - 2. Let m be c(2). Suppose 0 = 22*t - 18*t - m. Suppose 20 = -t*b, 5*w + 2*b = w + 192. Calculate the highest common factor of w and 10.
10
Suppose -7*q = -2*d + 2916, -4*d - 3*q = -d - 4428. Calculate the greatest common divisor of 115 and d.
23
Let n(c) = 3*c - 80. Let r be n(28). Let p be 1/r - 649/(-44). Let y(m) = -m**3 - 4*m**2 + 3. Let h be y(-4). What is the highest common factor of h and p?
3
Let i = -30388 - -30406. What is the highest common divisor of i and 1478?
2
Let d be (-136658)/(-30) - (-396)/(-1485). What is the highest common divisor of d and 5?
5
Let a(o) = 2*o**3 + 9*o**2 + o + 3. Let g be (-18)/171 + 74/(-19). Let v be a(g). What is the highest common divisor of v and 10?
5
Let j be (-4)/(-14) - 444/(-14). Suppose -m - 14 = -3*f, -6*m - 10 = -m. Let z be -2 + f + -7 + 21/3. What is the highest common factor of j and z?
2
Let x be ((171/(-6))/19)/((-6)/548). Let z(t) = -t**2 + 7*t - 9. Let r be z(-8). Let d = x + r. Calculate the greatest common divisor of d and 8.
8
Suppose 5*d = 3*k - 527, 0 = 4*k + 2*d + 196 - 864. Suppose 3*w = 5*o + 219, 0 = -w - 2*o + 59 + 25. Calculate the highest common factor of k and w.
13
Let r = -15 + 51. Suppose 4*p + i + 15 = r, -26 = -4*p - 2*i. Suppose -a + 11 = -c, -5*a - 3*c + 47 = -p*c. Calculate the highest common divi